47 + (12 - -37) + 1 + 7 + 1?
11
1 + 4 + -7 - -6
4
-58 - (-24 - (47 + -38))
-25
What is the value of 36 - (-26 + 15 + 47)?
0
Calculate -42 + 58 + -2 + -13.
1
-22 + (-14 - -65 - 5)
24
Calculate -63 + (13 - (-29 + 3)).
-24
What is 15 - (9 + -7 - 6) - (4 - -1)?
14
What is the value of 0 + -23 - (290 + -322)?
9
What is (-1 - (-6 + 2)) + 2?
5
What is 10 + 21 + (-37 - -6)?
0
Calculate (-7 - -1) + (-13 - -3) + 11.
-5
What is the value of 7 + 1 - (34 + -30) - (-20 + 20)?
4
Evaluate -50 - -37 - (-22 + 3) - -1.
7
Calculate (-16 + (7 - 3) + 3 - 2) + 7.
-4
What is the value of (25 - 2) + -21 - (-1 - -1)?
2
5 + 1 + (-4 - (2 + -3)) + -27
-24
What is the value of (-9 - -14) + -18 - -10?
-3
Evaluate -10 + 1 - (-5 + (-16 - -11) - 26).
27
What is the value of 8 + -1 + -1 + (-8 - (-12 + 6))?
4
What is 158 + -138 + (-21 - 1)?
-2
4 + 9 + (-2 - ((4 - 9) + 1))
15
Calculate 51 - (2 + 1 + 29).
19
Evaluate -3 + -1 + (-11 - 1) + (2 - -1).
-13
-23 + (-14 - -46) + -20
-11
What is the value of (6 + -8 + -2 - -3) + 15?
14
Evaluate 47 + (-21 - 29) + 22.
19
What is the value of 3 + -3 - (3 + 9 - (3 + 7))?
-2
-6 - (9 - 1 - (-2 - -2))
-14
Evaluate -41 + 64 - (2 + 39).
-18
-36 - (24 - 52) - (-2 + 0 + 0)
-6
Calculate -1 - (-28 + -21 + 43).
5
4 + (10 - (6 - -3)) + 17
22
(-89 - -88) + 4 + -3 + 1 + 10
11
What is -17 - -32 - 33 - (-7 + 2)?
-13
Evaluate (-14 + (14 - 17) - 2) + 3 + -9.
-25
What is (-8 - -4 - -1) + 13 - (2 + -9)?
17
(-4 - 11) + -12 + (25 - (-12 + 22))
-12
-19 + 0 + -2 + (19 - (-2 + 14))
-14
Evaluate -27 - (-42 + (21 - -32)).
-38
What is the value of 21 + 13 + -33 + 26 + -2?
25
(2 - -2) + -3 + -6 - (92 + -124)
27
Evaluate -18 + (9 - -2) + -2 - -9.
0
What is -2 - (1 - 3) - (-106 - -136)?
-30
What is -6 + -7 + (-13 - -22)?
-4
Calculate -6 - (-4 - (-19 - -7)).
-14
What is the value of 21 + (-8 + 21 + -9 - 8)?
17
What is the value of (-2 - (1 + 1)) + (20 - (3 - -30))?
-17
Calculate -7 - -2 - (115 + -136).
16
Evaluate 7 - (9 + 16 + -10).
-8
Evaluate -1 + (8 - 4) - -10.
13
Evaluate -8 + 7 + -3 - (1 + 4 + 12).
-21
What is (86 - 80) + 0 + -1 - (0 + 20)?
-15
Evaluate (7 - 4 - -4 - -8) + -5.
10
-18 + 25 - (7 + -1 + 6)
-5
Evaluate -1 - 17 - (222 + -223).
-17
Evaluate -2 - (2 - -4) - -17 - 3.
6
What is 0 + -16 + 3 + 5 + 14?
6
What is the value of -3 - (-113 - -100 - (0 - 6))?
4
What is the value of (6 - (13 + -42 + 14)) + -2?
19
What is the value of (-20 - -20) + -3 + (-1 - 6) - -2?
-8
-24 + 2 + (-14 - (-25 + 10 + -2))
-19
What is (5 + -6 - 0) + 4 - -4?
7
Evaluate 34 + -35 - (30 + -32).
1
Calculate 5 + -18 + 13 + 18.
18
-425 - -429 - (-1 - -1)
4
Evaluate (1 + 8 + -6 - 4) + 4 - -7.
10
Calculate (1 - 22) + (-1213 - -1261).
27
Evaluate -4 + -7 - (-26 + 20).
-5
Calculate -19 - -16 - (-6 + 0).
3
(-2 - 1) + (10 - 1)
6
What is the value of 5 - ((49 - 43 - (-1 + -1)) + -7)?
4
What is (-1 - (-2 + 12) - -1) + 1?
-9
-2 + (50 + -47 - (-1 + 2))
0
-4 + -7 + (-1 - (3 - 8))
-7
Evaluate -3 + (-1 - (9 - (-3 + 4 + 4))).
-8
Calculate -7 - ((-1 - -2) + (-9 - -6) + 3).
-8
Calculate -6 - (-3 - ((1 - -2) + -8 + 4)).
-4
What is the value of -1 - 5 - (15 - (-1 + 11))?
-11
Calculate (204 - 212) + 2 + 1 + 14 + -3.
6
Calculate -5 + (-5 - -1 - 1 - (-2 - 9)).
1
Calculate 6 + -2 + (2 - -2) + -11 + 5.
2
What is the value of (1 + 2 + (-2 - 5) - -1) + -15?
-18
-22 - (14 - (-11 + 22) - 13)
-12
What is the value of -12 - (1 - (-1 + -7 + 28))?
7
What is 9 + 12 + (10 + -40 - 1)?
-10
Calculate 1 + -23 - -2 - (19 - (-6 + 32)).
-13
Calculate 8 - (0 + -1 + -9 - -8).
10
What is (-7 + 26 + 7 - 4) + -9?
13
13 + (3 - -8) + (-1 - 10)
13
What is the value of ((-8 - -6) + (-7 - -2) - -5) + 10?
8
Calculate (-5 - 9) + 9 - (1 + 7).
-13
Calculate (1 - (9 + 3)) + (-19 - -25 - 4).
-9
What is the value of 0 - ((-8 - 5) + 12 - (1 - 6))?
-4
What is 5 - 4 - 5 - (-45 + 50)?
-9
What is -5 - (14 - (7 - -14))?
2
Evaluate 48 - 20 - 42 - -28.
14
What is (-5 - (2 - (-4 + 6))) + (-243 - -253)?
5
What is the value of 0 - 5 - (-4 - (-8 + 19 + -10))?
0
-9 - -2 - (3 + 8 - (11 + 0))
-7
What is 40 + -31 - (1 - ((-2 - -3) + 12))?
21
What is the value of 950 + -942 + 21 + -1 + 2?
30
(6 - 7) + 3 + -15 + 12
-1
What is -20 + (-6 - 7) + -6 + 8?
-31
3 + 1 + 6 - (-23 - (-15 - 30))
-12
Evaluate 0 + -7 + (2 + 10 - 2).
3
What is (0 - 1 - 2) + 223 + -215 - -1?
6
What is the value of 22 + (13 - 11) + -45?
-21
Evaluate 13 + -10 + 6 + -5 + 0 + 23.
27
What is the value of -3 - ((3 - 2 - (-21 + 25)) + 2)?
-2
-172 + 168 - (3 + (2 - (35 + 2)))
28
Calculate (12 - 16 - 3) + 0.
-7
Calculate (-2 - (-5 - (-2 + 2))) + -23 + 21.
1
Evaluate (31 - (-27 - -49)) + (9 - 1).
17
(32 - 33) + (-5 - (-4 + 9))
-11
What is the value of 12 + 0 + -1 + 6 + -7 + -8?
2
What is 48 - (-28 - -51) - 28?
-3
Calculate (-12 + 3 - -4) + (-3 - 13).
-21
14 + -6 - 9 - 0 - -14
13
What is 25 - (2 - 4 - (66 + -71))?
22
(18 + 1 - 21) + (-3 - -10)
5
Evaluate (-3 - 4) + (5 - -12) + (8 - 8).
10
What is -3 + -12 + 134 + -118?
1
What is the value of 61 + (-36 - -9) - 12?
22
What is (10 - (11 - 4)) + (0 - 3 - -11)?
11
23 + -2 - (214 - 191)
-2
Calculate 9 - (26 - ((14 - -2) + (7 - 16))).
-10
What is 8 - (-11 + 3) - -11 - (-3 + 8)?
22
What is the value of 5 + 15 + (7 - (8 + (0 - 4)))?
23
Calculate 9 + -20 + 16 + -11.
-6
-1 + (74 + -81 - (2 + -14 + -3))
7
Calculate 8 - (5 + (1 - -2)) - (-15 - -5).
10
3 - ((-6 - -7) + 25 - -9 - 6)
-26
What is the value of -9 - -20 - -2 - -12?
25
What is the value of 8 + (0 + 5 - 6 - -31)?
38
Calculate 0 + (-6 - -3) - -4 - 11.
-10
4 + -8 + 17 + -8 + -20
-15
14 + (4 + -5 + 17 + -2 - 8)
20
What is the value of (3 - 1) + (-8 - (-33 - -12))?
15
What is the value of (18 + -14 - (-2 + -6)) + -14?
-2
What is -7 + 10 + -1 + -2 - 0 - 8?
-8
What is the value of -6 + 0 + (7 - -2)?
3
(-3 + -4 + 3 - -2) + 5
3
Evaluate (-4 - (4 + -3)) + -1.
-6
What is 66 + -68 + -6 + 1?
-7
Evaluate -1 + -25 - (6 - (8 - -3) - 5).
-16
Evaluate 28 - 86 - (-36 - 1).
-21
What is the value of -11 + (-3 - -10) + (-9 - -1)?
-12
Calculate (1481 - 1466) + (0 - 41).
-26
What is the value of (-8 - 1) + (49 - 30)?
10
Evaluate 4 - ((19 + -11 - 9) + -4).
9
What is 2 + -6 + 2 + (1 - (0 - 4))?
3
-2 - (14 - 17 - 3)
4
What is -3 - (-25 - -5) - 14?
3
What is 20 - 1 - (-5 - (0 - 12))?
12
Calculate -18 + -7 + -1 + 18 + -22 + 10.
-20
14 - (-32 - -13 - (0 + -63))
-30
Evaluate (-9 + -5 + 4 - -4) + 1 + 7.
2
What is the value of -7 - (3 - (-6 + 2 - -6) - -9)?
-17
Evaluate -12 + (12 - 4) - -3.
-1
What is the value of 1 - -5 - 3 - (6 + 2 + -1)?
-4
-17 - (-18 - 21) - 30
-8
-1 - (-1 - 2) - 4 - (-4 + 2)
0
Evaluate -8 + (-11 - -20) + -13 + -17.
-29
Calculate -17 + (11 - (7 - -1)).
-14
Evaluate -17 - (2 - (11 + -4 + -1)).
-13
Evaluate -7 + -1 + 9 + (31 - 20).
12
-74 - -105 - (9 + 22)
0
(-1 - (3 - 2 - 10)) + 7
15
-2 + -3 + 11 + 36 + -28
14
Calculate 6 - 3 - (3 + (3 - 1)).
-2
What is the value of 2 - 20 - (35 - 54)?
1
Evaluate 18 + -11 + 3 + -1.
9
Evaluate 21 + 1 + (-30 - -24) - -1.
17
(2 + -6 - -19) + -25 + 17 + -27
-20
Evaluate 54 + -42 - (-3 + 23).
-8
What is the value of -3 + 0 - (-17 + 7 - (-26 - -3))?
-16
What is the value of 38 + -45 + (-3 - (2 - 6 - 0))?
-6
Evaluate 4 + (4 - (-3 + (12 - 5) - 0)).
4
-45 + 79 + -18 - (-13 - -3)
26
What is the value of 6 + 0 + -1 - (-49 + 31 + 25)?
-2
What is the value of 1 + (5 - 3) + -4 + 52 + -33?
18
What is the value of 36 + (10 - 34) + 1 + -26?
-13
What is the value of -2 + (69 + -74 - (4 - 1))?
-10
What is the value of 7 + 5 + 42 + -44 + (-1 - 0)?
9
(3 - 12 - -3) + (-49 - -24)
-31
What is -9 + (-1 - -9) + 9 + -2 + -5?
1
What is 10 + -8 - (-7 + 14)?
-5
Calculate -104 - -132 - (-4 - -20).
12
Evaluate 4 - -8 - (-18 + 25) - 2.
3
Evaluate (0 - (2 + -1)) + 14 + -40 + 13.
-14
48 + -37 - (8 + -14 + 5)
12
-25 + (78 - 31) + -7
15
Calculate 1 + (13 - (-2 - -1 - (34 + -31))).
18
33 + -47 + (2 - (-7 - (1 - 5)))
-9
What is the value of -23 + -55 + 60 + (38 - -2)?
22
What is the value of (4 - (3 - 4)) + (0 + -3 - -2)?
4
What is (-53 - (-4 - 15)) + 10 + 0?
-24
What is 11 + (-16 + (23 - 10) - (2 - -1))?
5
What is 23 + (-13 - -14) + -9?
15
88 - 107 - (2 - 10)
-11
What is the value of (8 - 1 - -1) + 1746 + -1747?
7
-73 - -66 - (-1 + -13) - -4
11
What is -6 - (-23 - -16) - 8?
-7
What is -16 - ((3 - -15 - 0) + -7)?
-27
Evaluate 12 - (-2 - (5 + -3)) - (187 - 183).
12
0 + 8 + (-60 + 8 - -23)
-21
Calculate -9 + 6 - (-127 + 124).
0